{"id":13,"date":"2020-03-04T15:52:46","date_gmt":"2020-03-04T14:52:46","guid":{"rendered":"http:\/\/location-appartement-cap-agde.com\/?page_id=13"},"modified":"2024-10-23T17:43:16","modified_gmt":"2024-10-23T15:43:16","slug":"descriptif-cap-dagde","status":"publish","type":"page","link":"https:\/\/location-appartement-cap-agde.com\/index.php\/descriptif-cap-dagde\/","title":{"rendered":"Descriptif"},"content":{"rendered":"<div class=\"wp-block-image is-style-rounded\">\n<figure class=\"alignleft size-medium\"><img loading=\"lazy\" decoding=\"async\" width=\"300\" height=\"200\" src=\"http:\/\/location-appartement-cap-agde.com\/wp-content\/uploads\/2020\/06\/appartement-cap-dagde014-300x200.jpg\" alt=\"\" class=\"wp-image-184\" srcset=\"https:\/\/location-appartement-cap-agde.com\/wp-content\/uploads\/2020\/06\/appartement-cap-dagde014-300x200.jpg 300w, https:\/\/location-appartement-cap-agde.com\/wp-content\/uploads\/2020\/06\/appartement-cap-dagde014-1024x681.jpg 1024w, https:\/\/location-appartement-cap-agde.com\/wp-content\/uploads\/2020\/06\/appartement-cap-dagde014-768x511.jpg 768w, https:\/\/location-appartement-cap-agde.com\/wp-content\/uploads\/2020\/06\/appartement-cap-dagde014.jpg 1380w\" sizes=\"auto, (max-width: 300px) 100vw, 300px\" \/><\/figure>\n<\/div>\n\n\n<p class=\"has-very-dark-gray-color has-very-light-gray-background-color has-text-color has-background\"><strong>Cuisine int\u00e9gr\u00e9e :<\/strong><br>Lave vaisselle, four combin\u00e9 micro onde, frigo 185 litres, cong\u00e9lateur 65 litres, plaque \u00e0 induction, machine \u00e0 caf\u00e9 (Magimix), tout le mat\u00e9riel pour cuisiner\u2026<\/p>\n\n\n<div class=\"wp-block-image is-style-rounded\">\n<figure class=\"alignright size-medium\"><img loading=\"lazy\" decoding=\"async\" width=\"300\" height=\"225\" src=\"http:\/\/location-appartement-cap-agde.com\/wp-content\/uploads\/2021\/02\/Appart_cap_agde_19-300x225.jpg\" alt=\"\" class=\"wp-image-536\" srcset=\"https:\/\/location-appartement-cap-agde.com\/wp-content\/uploads\/2021\/02\/Appart_cap_agde_19-300x225.jpg 300w, https:\/\/location-appartement-cap-agde.com\/wp-content\/uploads\/2021\/02\/Appart_cap_agde_19-1024x768.jpg 1024w, https:\/\/location-appartement-cap-agde.com\/wp-content\/uploads\/2021\/02\/Appart_cap_agde_19-768x576.jpg 768w, https:\/\/location-appartement-cap-agde.com\/wp-content\/uploads\/2021\/02\/Appart_cap_agde_19.jpg 1200w\" sizes=\"auto, (max-width: 300px) 100vw, 300px\" \/><\/figure>\n<\/div>\n\n\n<p><strong>Couchage :<\/strong>&nbsp;(draps non fournis sauf option)<\/p>\n\n\n\n<ul class=\"wp-block-list\">\n<li> Chambre ind\u00e9pendante avec un&nbsp;<strong>lit en 160<\/strong>, grand placard de rangement<\/li>\n\n\n\n<li> Un <strong>BZ<\/strong>&nbsp;de 140 dans le s\u00e9jour.<\/li>\n\n\n\n<li>Un<strong>&nbsp;lit de 140<\/strong>&nbsp;dans mezzanine (acc\u00e8s par une \u00e9chelle escamotable) sous plafond bas. Soit 6 couchages au total.<\/li>\n<\/ul>\n\n\n<div class=\"wp-block-image is-style-rounded\">\n<figure class=\"alignleft size-medium\"><img loading=\"lazy\" decoding=\"async\" width=\"300\" height=\"225\" src=\"http:\/\/location-appartement-cap-agde.com\/wp-content\/uploads\/2021\/02\/Appart_cap_agde_09-300x225.jpg\" alt=\"\" class=\"wp-image-526\" srcset=\"https:\/\/location-appartement-cap-agde.com\/wp-content\/uploads\/2021\/02\/Appart_cap_agde_09-300x225.jpg 300w, https:\/\/location-appartement-cap-agde.com\/wp-content\/uploads\/2021\/02\/Appart_cap_agde_09-1024x768.jpg 1024w, https:\/\/location-appartement-cap-agde.com\/wp-content\/uploads\/2021\/02\/Appart_cap_agde_09-768x576.jpg 768w, https:\/\/location-appartement-cap-agde.com\/wp-content\/uploads\/2021\/02\/Appart_cap_agde_09.jpg 1200w\" sizes=\"auto, (max-width: 300px) 100vw, 300px\" \/><\/figure>\n<\/div>\n\n\n<p class=\"has-very-dark-gray-color has-very-light-gray-background-color has-text-color has-background\"><strong>S\u00e9jour :<\/strong><br>Table, meuble de rangement, chaises, smart t\u00e9l\u00e9vision, BZ<\/p>\n\n\n<div class=\"wp-block-image is-style-rounded\">\n<figure class=\"alignright size-medium\"><img loading=\"lazy\" decoding=\"async\" width=\"225\" height=\"300\" src=\"http:\/\/location-appartement-cap-agde.com\/wp-content\/uploads\/2021\/02\/Appart_cap_agde_17-225x300.jpg\" alt=\"\" class=\"wp-image-534\" srcset=\"https:\/\/location-appartement-cap-agde.com\/wp-content\/uploads\/2021\/02\/Appart_cap_agde_17-225x300.jpg 225w, https:\/\/location-appartement-cap-agde.com\/wp-content\/uploads\/2021\/02\/Appart_cap_agde_17.jpg 675w\" sizes=\"auto, (max-width: 225px) 100vw, 225px\" \/><\/figure>\n<\/div>\n\n\n<p><strong>Salle d\u2019eau :<\/strong><br>Douche, lavabo,  lave linge, s\u00e8che cheveux.<br><strong>WC&nbsp;suspendus s\u00e9par\u00e9s<\/strong><\/p>\n\n\n\n<p class=\"has-very-dark-gray-color has-very-light-gray-background-color has-text-color has-background\"><strong>Terrasse :<\/strong><br> D\u2019une superficie de 10 M\u00b2, table et chaises, relax, protection et store banne<\/p>\n\n\n<div class=\"wp-block-image is-style-rounded\">\n<figure class=\"alignleft size-medium\"><img loading=\"lazy\" decoding=\"async\" width=\"300\" height=\"200\" src=\"http:\/\/location-appartement-cap-agde.com\/wp-content\/uploads\/2020\/06\/appartement-cap-dagde004-300x200.jpg\" alt=\"\" class=\"wp-image-174\" srcset=\"https:\/\/location-appartement-cap-agde.com\/wp-content\/uploads\/2020\/06\/appartement-cap-dagde004-300x200.jpg 300w, https:\/\/location-appartement-cap-agde.com\/wp-content\/uploads\/2020\/06\/appartement-cap-dagde004-1024x681.jpg 1024w, https:\/\/location-appartement-cap-agde.com\/wp-content\/uploads\/2020\/06\/appartement-cap-dagde004-768x511.jpg 768w, https:\/\/location-appartement-cap-agde.com\/wp-content\/uploads\/2020\/06\/appartement-cap-dagde004.jpg 1380w\" sizes=\"auto, (max-width: 300px) 100vw, 300px\" \/><\/figure>\n<\/div>\n\n\n<p><strong>Piscine &amp; sauna :<\/strong><br>Piscine s\u00e9curis\u00e9e \u00e0 l\u2019int\u00e9rieur de la r\u00e9sidence. Ouverture le 1er avril, fermeture le dernier weekend de septembre.<strong><br>Horaires :<\/strong>&nbsp;Mai Juin Septembre ouvert de 9 h \u00e0 19 h<br>Juillet Ao\u00fbt ouvert de 9 h \u00e0 20 h<\/p>\n\n\n\n<ul class=\"wp-block-list has-very-dark-gray-color has-very-light-gray-background-color has-text-color has-background\">\n<li><strong>Divers :<\/strong><\/li>\n\n\n\n<li>R\u00e9sidence close et s\u00e9curis\u00e9e<\/li>\n\n\n\n<li> Un local \u00e0 v\u00e9lo ferm\u00e9 et s\u00e9curis\u00e9 est \u00e0 la disposition des propri\u00e9taires et locataires. <\/li>\n\n\n\n<li> <strong>Place de parking priv\u00e9 dans la r\u00e9sidence (N\u00b0135)<\/strong><\/li>\n<\/ul>\n\n\n<div class=\"wp-block-image is-style-rounded\">\n<figure class=\"alignright size-medium\"><img loading=\"lazy\" decoding=\"async\" width=\"300\" height=\"225\" src=\"http:\/\/location-appartement-cap-agde.com\/wp-content\/uploads\/2020\/03\/piscine-elheutera-300x225.jpg\" alt=\"\" class=\"wp-image-35\" srcset=\"https:\/\/location-appartement-cap-agde.com\/wp-content\/uploads\/2020\/03\/piscine-elheutera-300x225.jpg 300w, https:\/\/location-appartement-cap-agde.com\/wp-content\/uploads\/2020\/03\/piscine-elheutera-1024x768.jpg 1024w, https:\/\/location-appartement-cap-agde.com\/wp-content\/uploads\/2020\/03\/piscine-elheutera-768x576.jpg 768w, https:\/\/location-appartement-cap-agde.com\/wp-content\/uploads\/2020\/03\/piscine-elheutera.jpg 1200w\" sizes=\"auto, (max-width: 300px) 100vw, 300px\" \/><\/figure>\n<\/div>\n\n\n<p><strong>BIEN VIVRE ENSEMBLE :<\/strong><\/p>\n\n\n\n<p>La tranquillit\u00e9 du voisinage doit \u00eatre respect\u00e9e \u00e0 partir de 23 heures.<br>Les m\u00e9gots ne doivent pas \u00eatre jet\u00e9s n\u2019importe o\u00f9, afin de respecter la propret\u00e9 de la r\u00e9sidence et \u00e9viter les risques d\u2019incendie.<br>Le stationnement des v\u00e9hicules, scooters et autres engins sur les parties communes est interdit.<br>L\u2019utilisation des v\u00e9los, trottinettes, rollers sont interdits dans les all\u00e9es.<\/p>\n","protected":false},"excerpt":{"rendered":"<p>Cuisine int\u00e9gr\u00e9e :Lave vaisselle, four combin\u00e9 micro onde, frigo 185 litres, cong\u00e9lateur 65 litres, plaque \u00e0 induction, machine \u00e0 caf\u00e9 (Magimix), tout le mat\u00e9riel pour cuisiner\u2026 Couchage :&nbsp;(draps non fournis sauf option) S\u00e9jour :Table,&#46;&#46;&#46;<\/p>\n","protected":false},"author":1,"featured_media":0,"parent":0,"menu_order":0,"comment_status":"closed","ping_status":"closed","template":"","meta":{"footnotes":""},"class_list":["post-13","page","type-page","status-publish","hentry"],"yoast_head":"<!-- This site is optimized with the Yoast SEO plugin v27.4 - https:\/\/yoast.com\/product\/yoast-seo-wordpress\/ -->\n<title>Location Cap d&#039;Agde - Appartement Eleuthera - Cap d&#039;Agde<\/title>\n<meta name=\"description\" content=\"Location appartement r\u00e9sidence Eleuthera au Cap d&#039;Agde \u00e0 deux pas du village naturiste et des plages. Climatisation, Piscine, parking s\u00e9curis\u00e9\" \/>\n<meta name=\"robots\" content=\"index, follow, max-snippet:-1, max-image-preview:large, max-video-preview:-1\" \/>\n<link rel=\"canonical\" href=\"https:\/\/location-appartement-cap-agde.com\/index.php\/descriptif-cap-dagde\/\" \/>\n<meta property=\"og:locale\" content=\"fr_FR\" \/>\n<meta property=\"og:type\" content=\"article\" \/>\n<meta property=\"og:title\" content=\"Location Cap d&#039;Agde - Appartement Eleuthera - Cap d&#039;Agde\" \/>\n<meta property=\"og:description\" content=\"Location appartement r\u00e9sidence Eleuthera au Cap d&#039;Agde \u00e0 deux pas du village naturiste et des plages. Climatisation, Piscine, parking s\u00e9curis\u00e9\" \/>\n<meta property=\"og:url\" content=\"https:\/\/location-appartement-cap-agde.com\/index.php\/descriptif-cap-dagde\/\" \/>\n<meta property=\"og:site_name\" content=\"Appartement Eleuthera - Cap d&#039;Agde\" \/>\n<meta property=\"article:modified_time\" content=\"2024-10-23T15:43:16+00:00\" \/>\n<meta property=\"og:image\" content=\"https:\/\/location-appartement-cap-agde.com\/wp-content\/uploads\/2020\/06\/appartement-cap-dagde014.jpg\" \/>\n\t<meta property=\"og:image:width\" content=\"1380\" \/>\n\t<meta property=\"og:image:height\" content=\"918\" \/>\n\t<meta property=\"og:image:type\" content=\"image\/jpeg\" \/>\n<meta name=\"twitter:card\" content=\"summary_large_image\" \/>\n<meta name=\"twitter:label1\" content=\"Dur\u00e9e de lecture estim\u00e9e\" \/>\n\t<meta name=\"twitter:data1\" content=\"3 minutes\" \/>\n<script type=\"application\/ld+json\" class=\"yoast-schema-graph\">{\"@context\":\"https:\\\/\\\/schema.org\",\"@graph\":[{\"@type\":\"WebPage\",\"@id\":\"https:\\\/\\\/location-appartement-cap-agde.com\\\/index.php\\\/descriptif-cap-dagde\\\/\",\"url\":\"https:\\\/\\\/location-appartement-cap-agde.com\\\/index.php\\\/descriptif-cap-dagde\\\/\",\"name\":\"Location Cap d'Agde - Appartement Eleuthera - Cap d&#039;Agde\",\"isPartOf\":{\"@id\":\"https:\\\/\\\/location-appartement-cap-agde.com\\\/#website\"},\"primaryImageOfPage\":{\"@id\":\"https:\\\/\\\/location-appartement-cap-agde.com\\\/index.php\\\/descriptif-cap-dagde\\\/#primaryimage\"},\"image\":{\"@id\":\"https:\\\/\\\/location-appartement-cap-agde.com\\\/index.php\\\/descriptif-cap-dagde\\\/#primaryimage\"},\"thumbnailUrl\":\"http:\\\/\\\/location-appartement-cap-agde.com\\\/wp-content\\\/uploads\\\/2020\\\/06\\\/appartement-cap-dagde014-300x200.jpg\",\"datePublished\":\"2020-03-04T14:52:46+00:00\",\"dateModified\":\"2024-10-23T15:43:16+00:00\",\"description\":\"Location appartement r\u00e9sidence Eleuthera au Cap d'Agde \u00e0 deux pas du village naturiste et des plages. Climatisation, Piscine, parking s\u00e9curis\u00e9\",\"breadcrumb\":{\"@id\":\"https:\\\/\\\/location-appartement-cap-agde.com\\\/index.php\\\/descriptif-cap-dagde\\\/#breadcrumb\"},\"inLanguage\":\"fr-FR\",\"potentialAction\":[{\"@type\":\"ReadAction\",\"target\":[\"https:\\\/\\\/location-appartement-cap-agde.com\\\/index.php\\\/descriptif-cap-dagde\\\/\"]}]},{\"@type\":\"ImageObject\",\"inLanguage\":\"fr-FR\",\"@id\":\"https:\\\/\\\/location-appartement-cap-agde.com\\\/index.php\\\/descriptif-cap-dagde\\\/#primaryimage\",\"url\":\"https:\\\/\\\/location-appartement-cap-agde.com\\\/wp-content\\\/uploads\\\/2020\\\/06\\\/appartement-cap-dagde014.jpg\",\"contentUrl\":\"https:\\\/\\\/location-appartement-cap-agde.com\\\/wp-content\\\/uploads\\\/2020\\\/06\\\/appartement-cap-dagde014.jpg\",\"width\":1380,\"height\":918,\"caption\":\"Cuisine\"},{\"@type\":\"BreadcrumbList\",\"@id\":\"https:\\\/\\\/location-appartement-cap-agde.com\\\/index.php\\\/descriptif-cap-dagde\\\/#breadcrumb\",\"itemListElement\":[{\"@type\":\"ListItem\",\"position\":1,\"name\":\"Accueil\",\"item\":\"https:\\\/\\\/location-appartement-cap-agde.com\\\/\"},{\"@type\":\"ListItem\",\"position\":2,\"name\":\"Descriptif\"}]},{\"@type\":\"WebSite\",\"@id\":\"https:\\\/\\\/location-appartement-cap-agde.com\\\/#website\",\"url\":\"https:\\\/\\\/location-appartement-cap-agde.com\\\/\",\"name\":\"Appartement Eleuthera - Cap d&#039;Agde\",\"description\":\"Au milieu des pins parasol\",\"potentialAction\":[{\"@type\":\"SearchAction\",\"target\":{\"@type\":\"EntryPoint\",\"urlTemplate\":\"https:\\\/\\\/location-appartement-cap-agde.com\\\/?s={search_term_string}\"},\"query-input\":{\"@type\":\"PropertyValueSpecification\",\"valueRequired\":true,\"valueName\":\"search_term_string\"}}],\"inLanguage\":\"fr-FR\"}]}<\/script>\n<!-- \/ Yoast SEO plugin. -->","yoast_head_json":{"title":"Location Cap d'Agde - Appartement Eleuthera - Cap d&#039;Agde","description":"Location appartement r\u00e9sidence Eleuthera au Cap d'Agde \u00e0 deux pas du village naturiste et des plages. Climatisation, Piscine, parking s\u00e9curis\u00e9","robots":{"index":"index","follow":"follow","max-snippet":"max-snippet:-1","max-image-preview":"max-image-preview:large","max-video-preview":"max-video-preview:-1"},"canonical":"https:\/\/location-appartement-cap-agde.com\/index.php\/descriptif-cap-dagde\/","og_locale":"fr_FR","og_type":"article","og_title":"Location Cap d'Agde - Appartement Eleuthera - Cap d&#039;Agde","og_description":"Location appartement r\u00e9sidence Eleuthera au Cap d'Agde \u00e0 deux pas du village naturiste et des plages. Climatisation, Piscine, parking s\u00e9curis\u00e9","og_url":"https:\/\/location-appartement-cap-agde.com\/index.php\/descriptif-cap-dagde\/","og_site_name":"Appartement Eleuthera - Cap d&#039;Agde","article_modified_time":"2024-10-23T15:43:16+00:00","og_image":[{"width":1380,"height":918,"url":"https:\/\/location-appartement-cap-agde.com\/wp-content\/uploads\/2020\/06\/appartement-cap-dagde014.jpg","type":"image\/jpeg"}],"twitter_card":"summary_large_image","twitter_misc":{"Dur\u00e9e de lecture estim\u00e9e":"3 minutes"},"schema":{"@context":"https:\/\/schema.org","@graph":[{"@type":"WebPage","@id":"https:\/\/location-appartement-cap-agde.com\/index.php\/descriptif-cap-dagde\/","url":"https:\/\/location-appartement-cap-agde.com\/index.php\/descriptif-cap-dagde\/","name":"Location Cap d'Agde - Appartement Eleuthera - Cap d&#039;Agde","isPartOf":{"@id":"https:\/\/location-appartement-cap-agde.com\/#website"},"primaryImageOfPage":{"@id":"https:\/\/location-appartement-cap-agde.com\/index.php\/descriptif-cap-dagde\/#primaryimage"},"image":{"@id":"https:\/\/location-appartement-cap-agde.com\/index.php\/descriptif-cap-dagde\/#primaryimage"},"thumbnailUrl":"http:\/\/location-appartement-cap-agde.com\/wp-content\/uploads\/2020\/06\/appartement-cap-dagde014-300x200.jpg","datePublished":"2020-03-04T14:52:46+00:00","dateModified":"2024-10-23T15:43:16+00:00","description":"Location appartement r\u00e9sidence Eleuthera au Cap d'Agde \u00e0 deux pas du village naturiste et des plages. Climatisation, Piscine, parking s\u00e9curis\u00e9","breadcrumb":{"@id":"https:\/\/location-appartement-cap-agde.com\/index.php\/descriptif-cap-dagde\/#breadcrumb"},"inLanguage":"fr-FR","potentialAction":[{"@type":"ReadAction","target":["https:\/\/location-appartement-cap-agde.com\/index.php\/descriptif-cap-dagde\/"]}]},{"@type":"ImageObject","inLanguage":"fr-FR","@id":"https:\/\/location-appartement-cap-agde.com\/index.php\/descriptif-cap-dagde\/#primaryimage","url":"https:\/\/location-appartement-cap-agde.com\/wp-content\/uploads\/2020\/06\/appartement-cap-dagde014.jpg","contentUrl":"https:\/\/location-appartement-cap-agde.com\/wp-content\/uploads\/2020\/06\/appartement-cap-dagde014.jpg","width":1380,"height":918,"caption":"Cuisine"},{"@type":"BreadcrumbList","@id":"https:\/\/location-appartement-cap-agde.com\/index.php\/descriptif-cap-dagde\/#breadcrumb","itemListElement":[{"@type":"ListItem","position":1,"name":"Accueil","item":"https:\/\/location-appartement-cap-agde.com\/"},{"@type":"ListItem","position":2,"name":"Descriptif"}]},{"@type":"WebSite","@id":"https:\/\/location-appartement-cap-agde.com\/#website","url":"https:\/\/location-appartement-cap-agde.com\/","name":"Appartement Eleuthera - Cap d&#039;Agde","description":"Au milieu des pins parasol","potentialAction":[{"@type":"SearchAction","target":{"@type":"EntryPoint","urlTemplate":"https:\/\/location-appartement-cap-agde.com\/?s={search_term_string}"},"query-input":{"@type":"PropertyValueSpecification","valueRequired":true,"valueName":"search_term_string"}}],"inLanguage":"fr-FR"}]}},"jetpack_sharing_enabled":true,"_links":{"self":[{"href":"https:\/\/location-appartement-cap-agde.com\/index.php\/wp-json\/wp\/v2\/pages\/13","targetHints":{"allow":["GET"]}}],"collection":[{"href":"https:\/\/location-appartement-cap-agde.com\/index.php\/wp-json\/wp\/v2\/pages"}],"about":[{"href":"https:\/\/location-appartement-cap-agde.com\/index.php\/wp-json\/wp\/v2\/types\/page"}],"author":[{"embeddable":true,"href":"https:\/\/location-appartement-cap-agde.com\/index.php\/wp-json\/wp\/v2\/users\/1"}],"replies":[{"embeddable":true,"href":"https:\/\/location-appartement-cap-agde.com\/index.php\/wp-json\/wp\/v2\/comments?post=13"}],"version-history":[{"count":53,"href":"https:\/\/location-appartement-cap-agde.com\/index.php\/wp-json\/wp\/v2\/pages\/13\/revisions"}],"predecessor-version":[{"id":1821,"href":"https:\/\/location-appartement-cap-agde.com\/index.php\/wp-json\/wp\/v2\/pages\/13\/revisions\/1821"}],"wp:attachment":[{"href":"https:\/\/location-appartement-cap-agde.com\/index.php\/wp-json\/wp\/v2\/media?parent=13"}],"curies":[{"name":"wp","href":"https:\/\/api.w.org\/{rel}","templated":true}]}}