{"id":76,"date":"2020-03-05T17:39:27","date_gmt":"2020-03-05T16:39:27","guid":{"rendered":"http:\/\/location-appartement-cap-agde.com\/?page_id=76"},"modified":"2022-12-09T11:38:19","modified_gmt":"2022-12-09T10:38:19","slug":"assurance-villegiature","status":"publish","type":"page","link":"https:\/\/location-appartement-cap-agde.com\/index.php\/assurance-villegiature\/","title":{"rendered":"Assurance vill\u00e9giature"},"content":{"rendered":"\n<p> Elle permet d&rsquo;\u00eatre assur\u00e9 sur son lieu de vacances au titre de la responsabilit\u00e9 civile. Les dommages mat\u00e9riels ou physiques caus\u00e9s \u00e0 un tiers, mais aussi au logement saisonnier, sont ainsi couverts par la garantie&nbsp;<strong>vill\u00e9giature<\/strong>&nbsp;de l&rsquo;<strong>assurance<\/strong>&nbsp;habitation. <\/p>\n\n\n\n<h2 class=\"wp-block-heading\">Assurance vill\u00e9giature : l\u2019assurance du locataire pour sa location de vacances<\/h2>\n\n\n\n<p>La souscription d\u2019une assurance pour un logement meubl\u00e9 de tourisme destin\u00e9 \u00e0 la location saisonni\u00e8re n\u2019est pas obligatoire. Il est toutefois recommand\u00e9 de b\u00e9n\u00e9ficier d\u2019une couverture afin de prot\u00e9ger le bien et ses habitants.<\/p>\n\n\n\n<h3 class=\"wp-block-heading\">L\u2019assurance vill\u00e9giature, c\u2019est quoi ?<\/h3>\n\n\n\n<p>Dans le cadre d\u2019une location de vacances, on distingue principalement trois contrats pouvant \u00eatre utiles&nbsp;:<\/p>\n\n\n\n<ul class=\"wp-block-list\">\n<li>la garantie de responsabilit\u00e9 civile vill\u00e9giature couvrant les dommages mat\u00e9riels caus\u00e9s par le locataire au propri\u00e9taire ou aux tiers ;<\/li>\n\n\n\n<li>l\u2019assurance vill\u00e9giature int\u00e9grant la garantie de responsabilit\u00e9 civile et couvrant \u00e9galement les biens du locataire (dans les conditions pr\u00e9vues au contrat). Elle est d\u2019ailleurs int\u00e9gr\u00e9e au contrat Habitation R\u00e9sidence principale Macif ;<\/li>\n\n\n\n<li>la Garantie Accident Macif qui couvre vos dommages corporels.<\/li>\n<\/ul>\n\n\n\n<p>Si vous \u00eates locataire, le propri\u00e9taire peut vous demander de lui fournir une attestation de responsabilit\u00e9 civile vill\u00e9giature au moment de la location du logement. Cette garantie vous permet d\u2019\u00eatre couvert si vous \u00eates responsable d&rsquo;un \u00e9v\u00e9nement pr\u00e9vu au contrat (incendie, d\u00e9g\u00e2t des eaux, explosion, etc.). Pour \u00eatre mieux prot\u00e9g\u00e9 encore, vous pouvez souscrire une garantie vill\u00e9giature. En plus de couvrir votre responsabilit\u00e9 civile, elle vous permet d\u2019\u00eatre indemnis\u00e9 si certains de vos biens sont endommag\u00e9s par des \u00e9v\u00e9nements garantis par le contrat.<\/p>\n\n\n\n<p>Dans la plupart des cas, l\u2019<strong>assurance vill\u00e9giature<\/strong>&nbsp;est int\u00e9gr\u00e9e au contrat multirisque habitation de la r\u00e9sidence principale. C\u2019est le cas de l\u2019<strong>assurance vill\u00e9giature de la Macif<\/strong>. Pr\u00e9vue au contrat&nbsp;<a href=\"https:\/\/www.macif.fr\/assurance\/particuliers\/assurance-habitation-et-vie-quotidienne\/residence-principale\" target=\"_blank\" rel=\"noreferrer noopener\">Habitation R\u00e9sidence principale<\/a>, elle couvre aussi les dommages aux objets mobiliers que vous avez emport\u00e9s (dans les conditions et limites indiqu\u00e9es dans les conditions g\u00e9n\u00e9rales).<\/p>\n\n\n\n<h3 class=\"wp-block-heading\">Location de vacances : l\u2019assurance vill\u00e9giature est-elle obligatoire ?<\/h3>\n\n\n\n<p>Pour savoir s\u2019il est n\u00e9cessaire de disposer d\u2019une&nbsp;<strong>assurance vacances<\/strong>&nbsp;lors d\u2019une location saisonni\u00e8re, vous pouvez vous adresser au propri\u00e9taire du logement. Deux cas sont possibles :<\/p>\n\n\n\n<ul class=\"wp-block-list\">\n<li>Le loueur a souscrit une assurance multirisque habitation pour \u00ab le compte de qui il appartiendra \u00bb : en tant que locataire, vous \u00eates automatiquement couvert pour l&rsquo;ensemble des dommages que vous pourriez causer, \u00e0 vous ou aux autres. La souscription d\u2019une&nbsp;<strong>assurance de location de vacances<\/strong>&nbsp;seule n\u2019est alors pas n\u00e9cessaire.<\/li>\n\n\n\n<li>Le loueur n\u2019a pas souscrit cette garantie : en plus d&rsquo;une simple garantie de responsabilit\u00e9 civile, vous pouvez vous voir demander de fournir une assurance de vacances vill\u00e9giature temporaire pour la dur\u00e9e de votre s\u00e9jour. Il s\u2019agit d\u2019un contrat multirisque habitation dont la dur\u00e9e est limit\u00e9e \u00e0 votre p\u00e9riode de vacances (non propos\u00e9 par la Macif).<\/li>\n<\/ul>\n\n\n\n<h3 class=\"wp-block-heading\">Que couvre l\u2019assurance vill\u00e9giature du locataire ?<\/h3>\n\n\n\n<p>Si vous \u00eates locataire, la garantie de responsabilit\u00e9 civile sp\u00e9ciale vill\u00e9giature couvre l&rsquo;ensemble des dommages mat\u00e9riels que vous pouvez causer (dans la limite du contrat) sur votre lieu de vacances.<\/p>\n\n\n\n<p>Cette assurance de responsabilit\u00e9 civile intervient pour les d\u00e9g\u00e2ts que vous causez, mais \u00e9galement ceux provoqu\u00e9s par votre famille, vos employ\u00e9s de maison, vos animaux domestiques et vos biens mat\u00e9riels (une voiture, par exemple).<\/p>\n\n\n\n<p>Certaines formules peuvent \u00e9galement pr\u00e9voir des garanties compl\u00e9mentaires :<\/p>\n\n\n\n<ul class=\"wp-block-list\">\n<li>la garantie vol ;<\/li>\n\n\n\n<li>la garantie destruction des effets personnels ;<\/li>\n\n\n\n<li>la garantie des objets personnels emport\u00e9s.<\/li>\n<\/ul>\n\n\n\n<h3 class=\"wp-block-heading\">Comment activer la garantie vill\u00e9giature de son assurance ?<\/h3>\n\n\n\n<p>Si la garantie vill\u00e9giature est comprise dans votre assurance multirisque habitation, il vous suffit de pr\u00e9venir votre assureur avant de partir en vacances. Pour pouvoir vous envoyer une attestation d\u2019<strong>assurance de location de vacances<\/strong>, votre assureur vous demandera g\u00e9n\u00e9ralement l&rsquo;adresse de la location, les caract\u00e9ristiques du logement (surface, \u00e9quipements, etc.) et les dates de vacances.<\/p>\n\n\n\n<p>Si vous souscrivez un contrat d\u2019habitation multirisque limit\u00e9 (non propos\u00e9 par la Macif), la garantie vill\u00e9giature sera restreinte :<\/p>\n\n\n\n<ul class=\"wp-block-list\">\n<li>dans le temps : elle ne peut g\u00e9n\u00e9ralement pas \u00eatre activ\u00e9e pour plus de 3 mois ;<\/li>\n\n\n\n<li>dans l&rsquo;espace : le contrat d\u2019assurance habitation liste l\u2019ensemble des pays o\u00f9 la garantie est valable.<\/li>\n<\/ul>\n\n\n\n<p>Si vous disposez du contrat Habitation R\u00e9sidence principale Macif, vous b\u00e9n\u00e9ficiez automatiquement d\u2019une assurance vill\u00e9giature et vous n\u2019avez donc pas besoin de l\u2019activer avant votre d\u00e9part en vacances.<\/p>\n\n\n\n<h2 class=\"wp-block-heading\">Assurance location saisonni\u00e8re et temporaire : la protection des propri\u00e9taires<\/h2>\n\n\n\n<h3 class=\"wp-block-heading\">Une assurance de location saisonni\u00e8re, c\u2019est quoi ?<\/h3>\n\n\n\n<p>En tant que propri\u00e9taire, vous pouvez prot\u00e9ger votre bien contre les dommages mat\u00e9riels caus\u00e9s par vos locataires, en v\u00e9rifiant si une&nbsp;<strong>assurance de location saisonni\u00e8re<\/strong>&nbsp;est incluse dans votre assurance multirisque habitation. Cette protection peut prendre deux formes diff\u00e9rentes.<\/p>\n\n\n\n<ul class=\"wp-block-list\">\n<li>L&rsquo;assurance multirisque habitation pour \u00ab le compte de qui il appartiendra \u00bb : en tant que loueur d\u2019une&nbsp;<strong>location saisonni\u00e8re<\/strong>, il est impensable de demander \u00e0 chaque locataire de souscrire un contrat d&rsquo;assurance multirisque habitation limit\u00e9. Pour \u00eatre malgr\u00e9 tout prot\u00e9g\u00e9, le propri\u00e9taire peut souscrire une assurance \u00ab pour le compte de qui il appartiendra \u00bb. Elle offre les m\u00eames garanties qu&rsquo;une assurance multirisque habitation classique, mais pr\u00e9voit que l&rsquo;assur\u00e9 (\u00e0 savoir le locataire) est diff\u00e9rent \u00e0 chaque location.<\/li>\n\n\n\n<li>L&rsquo;assurance multirisque habitation avec \u00ab abandon de recours \u00bb : elle pr\u00e9voit que le propri\u00e9taire renonce \u00e0 exercer un recours contre le locataire s&rsquo;il est responsable d&rsquo;un incendie ou d&rsquo;un d\u00e9g\u00e2t des eaux au sein du logement lou\u00e9. Cependant, elle ne couvre le locataire que pour les dommages caus\u00e9s \u00e0 la location. Sa responsabilit\u00e9 civile sera donc engag\u00e9e si des dommages sont caus\u00e9s \u00e0 des tiers, notamment si le feu s\u2019\u00e9tend \u00e0 l\u2019habitation des voisins par exemple.<\/li>\n<\/ul>\n\n\n\n<h3 class=\"wp-block-heading\">Assurance de location saisonni\u00e8re : est-elle obligatoire pour le propri\u00e9taire ?<\/h3>\n\n\n\n<p>Si vous \u00eates propri\u00e9taire, vous n\u2019avez pas l\u2019obligation de souscrire une&nbsp;<strong>assurance de location saisonni\u00e8re<\/strong>. Vous devez n\u00e9anmoins v\u00e9rifier qu\u2019aucune exclusion dans votre contrat d\u2019assurance multirisque habitation vous emp\u00eache de louer votre bien.<\/p>\n\n\n\n<h3 class=\"wp-block-heading\">Le propri\u00e9taire peut-il exiger une assurance du locataire ?<\/h3>\n\n\n\n<p>Vous \u00eates en droit d\u2019exiger que votre locataire soit couvert par une&nbsp;<strong>assurance de location de vacances<\/strong>. Si votre contrat multirisque habitation pr\u00e9voit une clause \u00ab abandon de recours \u00bb, vous pouvez demander \u00e0 votre locataire de justifier d&rsquo;une garantie de responsabilit\u00e9 civile. Si vous n\u2019avez pas souscrit d\u2019<strong>assurance de location de vacances<\/strong>, vous pouvez exiger de votre locataire une attestation de garantie vill\u00e9giature ou d&rsquo;assurance temporaire.<\/p>\n\n\n\n<p>Si vous avez souscrit une assurance \u00ab pour le compte de qui il appartiendra \u00bb, vous n&rsquo;avez pas besoin d&rsquo;exiger une assurance de votre locataire. Elle couvre en effet les dommages caus\u00e9s par les vacanciers au logement et aux tiers.<\/p>\n","protected":false},"excerpt":{"rendered":"<p>Elle permet d&rsquo;\u00eatre assur\u00e9 sur son lieu de vacances au titre de la responsabilit\u00e9 civile. Les dommages mat\u00e9riels ou physiques caus\u00e9s \u00e0 un tiers, mais aussi au logement saisonnier, sont ainsi couverts par la&#46;&#46;&#46;<\/p>\n","protected":false},"author":1,"featured_media":562,"parent":0,"menu_order":0,"comment_status":"closed","ping_status":"closed","template":"","meta":{"footnotes":""},"class_list":["post-76","page","type-page","status-publish","has-post-thumbnail","hentry"],"yoast_head":"<!-- This site is optimized with the Yoast SEO plugin v27.5 - https:\/\/yoast.com\/product\/yoast-seo-wordpress\/ -->\n<title>Assurance vill\u00e9giature - Appartement Eleuthera - Cap d&#039;Agde<\/title>\n<meta name=\"robots\" content=\"index, follow, max-snippet:-1, max-image-preview:large, max-video-preview:-1\" \/>\n<link rel=\"canonical\" href=\"https:\/\/location-appartement-cap-agde.com\/index.php\/assurance-villegiature\/\" \/>\n<meta property=\"og:locale\" content=\"fr_FR\" \/>\n<meta property=\"og:type\" content=\"article\" \/>\n<meta property=\"og:title\" content=\"Assurance vill\u00e9giature - Appartement Eleuthera - Cap d&#039;Agde\" \/>\n<meta property=\"og:description\" content=\"Elle permet d&rsquo;\u00eatre assur\u00e9 sur son lieu de vacances au titre de la responsabilit\u00e9 civile. Les dommages mat\u00e9riels ou physiques caus\u00e9s \u00e0 un tiers, mais aussi au logement saisonnier, sont ainsi couverts par la&#046;&#046;&#046;\" \/>\n<meta property=\"og:url\" content=\"https:\/\/location-appartement-cap-agde.com\/index.php\/assurance-villegiature\/\" \/>\n<meta property=\"og:site_name\" content=\"Appartement Eleuthera - Cap d&#039;Agde\" \/>\n<meta property=\"article:modified_time\" content=\"2022-12-09T10:38:19+00:00\" \/>\n<meta property=\"og:image\" content=\"http:\/\/location-appartement-cap-agde.com\/wp-content\/uploads\/2021\/02\/meteo-cap-dagde.png\" \/>\n\t<meta property=\"og:image:width\" content=\"800\" \/>\n\t<meta property=\"og:image:height\" content=\"345\" \/>\n\t<meta property=\"og:image:type\" content=\"image\/png\" \/>\n<meta name=\"twitter:card\" content=\"summary_large_image\" \/>\n<meta name=\"twitter:label1\" content=\"Dur\u00e9e de lecture estim\u00e9e\" \/>\n\t<meta name=\"twitter:data1\" content=\"6 minutes\" \/>\n<script type=\"application\/ld+json\" class=\"yoast-schema-graph\">{\"@context\":\"https:\\\/\\\/schema.org\",\"@graph\":[{\"@type\":\"WebPage\",\"@id\":\"https:\\\/\\\/location-appartement-cap-agde.com\\\/index.php\\\/assurance-villegiature\\\/\",\"url\":\"https:\\\/\\\/location-appartement-cap-agde.com\\\/index.php\\\/assurance-villegiature\\\/\",\"name\":\"Assurance vill\u00e9giature - Appartement Eleuthera - Cap d&#039;Agde\",\"isPartOf\":{\"@id\":\"https:\\\/\\\/location-appartement-cap-agde.com\\\/#website\"},\"primaryImageOfPage\":{\"@id\":\"https:\\\/\\\/location-appartement-cap-agde.com\\\/index.php\\\/assurance-villegiature\\\/#primaryimage\"},\"image\":{\"@id\":\"https:\\\/\\\/location-appartement-cap-agde.com\\\/index.php\\\/assurance-villegiature\\\/#primaryimage\"},\"thumbnailUrl\":\"https:\\\/\\\/location-appartement-cap-agde.com\\\/wp-content\\\/uploads\\\/2021\\\/02\\\/meteo-cap-dagde.png\",\"datePublished\":\"2020-03-05T16:39:27+00:00\",\"dateModified\":\"2022-12-09T10:38:19+00:00\",\"breadcrumb\":{\"@id\":\"https:\\\/\\\/location-appartement-cap-agde.com\\\/index.php\\\/assurance-villegiature\\\/#breadcrumb\"},\"inLanguage\":\"fr-FR\",\"potentialAction\":[{\"@type\":\"ReadAction\",\"target\":[\"https:\\\/\\\/location-appartement-cap-agde.com\\\/index.php\\\/assurance-villegiature\\\/\"]}]},{\"@type\":\"ImageObject\",\"inLanguage\":\"fr-FR\",\"@id\":\"https:\\\/\\\/location-appartement-cap-agde.com\\\/index.php\\\/assurance-villegiature\\\/#primaryimage\",\"url\":\"https:\\\/\\\/location-appartement-cap-agde.com\\\/wp-content\\\/uploads\\\/2021\\\/02\\\/meteo-cap-dagde.png\",\"contentUrl\":\"https:\\\/\\\/location-appartement-cap-agde.com\\\/wp-content\\\/uploads\\\/2021\\\/02\\\/meteo-cap-dagde.png\",\"width\":800,\"height\":345},{\"@type\":\"BreadcrumbList\",\"@id\":\"https:\\\/\\\/location-appartement-cap-agde.com\\\/index.php\\\/assurance-villegiature\\\/#breadcrumb\",\"itemListElement\":[{\"@type\":\"ListItem\",\"position\":1,\"name\":\"Accueil\",\"item\":\"https:\\\/\\\/location-appartement-cap-agde.com\\\/\"},{\"@type\":\"ListItem\",\"position\":2,\"name\":\"Assurance vill\u00e9giature\"}]},{\"@type\":\"WebSite\",\"@id\":\"https:\\\/\\\/location-appartement-cap-agde.com\\\/#website\",\"url\":\"https:\\\/\\\/location-appartement-cap-agde.com\\\/\",\"name\":\"Appartement Eleuthera - Cap d&#039;Agde\",\"description\":\"Au milieu des pins parasol\",\"potentialAction\":[{\"@type\":\"SearchAction\",\"target\":{\"@type\":\"EntryPoint\",\"urlTemplate\":\"https:\\\/\\\/location-appartement-cap-agde.com\\\/?s={search_term_string}\"},\"query-input\":{\"@type\":\"PropertyValueSpecification\",\"valueRequired\":true,\"valueName\":\"search_term_string\"}}],\"inLanguage\":\"fr-FR\"}]}<\/script>\n<!-- \/ Yoast SEO plugin. -->","yoast_head_json":{"title":"Assurance vill\u00e9giature - Appartement Eleuthera - Cap d&#039;Agde","robots":{"index":"index","follow":"follow","max-snippet":"max-snippet:-1","max-image-preview":"max-image-preview:large","max-video-preview":"max-video-preview:-1"},"canonical":"https:\/\/location-appartement-cap-agde.com\/index.php\/assurance-villegiature\/","og_locale":"fr_FR","og_type":"article","og_title":"Assurance vill\u00e9giature - Appartement Eleuthera - Cap d&#039;Agde","og_description":"Elle permet d&rsquo;\u00eatre assur\u00e9 sur son lieu de vacances au titre de la responsabilit\u00e9 civile. Les dommages mat\u00e9riels ou physiques caus\u00e9s \u00e0 un tiers, mais aussi au logement saisonnier, sont ainsi couverts par la&#46;&#46;&#46;","og_url":"https:\/\/location-appartement-cap-agde.com\/index.php\/assurance-villegiature\/","og_site_name":"Appartement Eleuthera - Cap d&#039;Agde","article_modified_time":"2022-12-09T10:38:19+00:00","og_image":[{"width":800,"height":345,"url":"http:\/\/location-appartement-cap-agde.com\/wp-content\/uploads\/2021\/02\/meteo-cap-dagde.png","type":"image\/png"}],"twitter_card":"summary_large_image","twitter_misc":{"Dur\u00e9e de lecture estim\u00e9e":"6 minutes"},"schema":{"@context":"https:\/\/schema.org","@graph":[{"@type":"WebPage","@id":"https:\/\/location-appartement-cap-agde.com\/index.php\/assurance-villegiature\/","url":"https:\/\/location-appartement-cap-agde.com\/index.php\/assurance-villegiature\/","name":"Assurance vill\u00e9giature - Appartement Eleuthera - Cap d&#039;Agde","isPartOf":{"@id":"https:\/\/location-appartement-cap-agde.com\/#website"},"primaryImageOfPage":{"@id":"https:\/\/location-appartement-cap-agde.com\/index.php\/assurance-villegiature\/#primaryimage"},"image":{"@id":"https:\/\/location-appartement-cap-agde.com\/index.php\/assurance-villegiature\/#primaryimage"},"thumbnailUrl":"https:\/\/location-appartement-cap-agde.com\/wp-content\/uploads\/2021\/02\/meteo-cap-dagde.png","datePublished":"2020-03-05T16:39:27+00:00","dateModified":"2022-12-09T10:38:19+00:00","breadcrumb":{"@id":"https:\/\/location-appartement-cap-agde.com\/index.php\/assurance-villegiature\/#breadcrumb"},"inLanguage":"fr-FR","potentialAction":[{"@type":"ReadAction","target":["https:\/\/location-appartement-cap-agde.com\/index.php\/assurance-villegiature\/"]}]},{"@type":"ImageObject","inLanguage":"fr-FR","@id":"https:\/\/location-appartement-cap-agde.com\/index.php\/assurance-villegiature\/#primaryimage","url":"https:\/\/location-appartement-cap-agde.com\/wp-content\/uploads\/2021\/02\/meteo-cap-dagde.png","contentUrl":"https:\/\/location-appartement-cap-agde.com\/wp-content\/uploads\/2021\/02\/meteo-cap-dagde.png","width":800,"height":345},{"@type":"BreadcrumbList","@id":"https:\/\/location-appartement-cap-agde.com\/index.php\/assurance-villegiature\/#breadcrumb","itemListElement":[{"@type":"ListItem","position":1,"name":"Accueil","item":"https:\/\/location-appartement-cap-agde.com\/"},{"@type":"ListItem","position":2,"name":"Assurance vill\u00e9giature"}]},{"@type":"WebSite","@id":"https:\/\/location-appartement-cap-agde.com\/#website","url":"https:\/\/location-appartement-cap-agde.com\/","name":"Appartement Eleuthera - Cap d&#039;Agde","description":"Au milieu des pins parasol","potentialAction":[{"@type":"SearchAction","target":{"@type":"EntryPoint","urlTemplate":"https:\/\/location-appartement-cap-agde.com\/?s={search_term_string}"},"query-input":{"@type":"PropertyValueSpecification","valueRequired":true,"valueName":"search_term_string"}}],"inLanguage":"fr-FR"}]}},"jetpack_sharing_enabled":true,"_links":{"self":[{"href":"https:\/\/location-appartement-cap-agde.com\/index.php\/wp-json\/wp\/v2\/pages\/76","targetHints":{"allow":["GET"]}}],"collection":[{"href":"https:\/\/location-appartement-cap-agde.com\/index.php\/wp-json\/wp\/v2\/pages"}],"about":[{"href":"https:\/\/location-appartement-cap-agde.com\/index.php\/wp-json\/wp\/v2\/types\/page"}],"author":[{"embeddable":true,"href":"https:\/\/location-appartement-cap-agde.com\/index.php\/wp-json\/wp\/v2\/users\/1"}],"replies":[{"embeddable":true,"href":"https:\/\/location-appartement-cap-agde.com\/index.php\/wp-json\/wp\/v2\/comments?post=76"}],"version-history":[{"count":3,"href":"https:\/\/location-appartement-cap-agde.com\/index.php\/wp-json\/wp\/v2\/pages\/76\/revisions"}],"predecessor-version":[{"id":894,"href":"https:\/\/location-appartement-cap-agde.com\/index.php\/wp-json\/wp\/v2\/pages\/76\/revisions\/894"}],"wp:featuredmedia":[{"embeddable":true,"href":"https:\/\/location-appartement-cap-agde.com\/index.php\/wp-json\/wp\/v2\/media\/562"}],"wp:attachment":[{"href":"https:\/\/location-appartement-cap-agde.com\/index.php\/wp-json\/wp\/v2\/media?parent=76"}],"curies":[{"name":"wp","href":"https:\/\/api.w.org\/{rel}","templated":true}]}}